 445.
89
What is the highest common factor of 27 and 306?
9
What is the highest common divisor of 1194 and 24?
6
What is the greatest common factor of 155 and 20?
5
Calculate the highest common factor of 927 and 4841.
103
Calculate the greatest common factor of 5526 and 18.
18
What is the highest common divisor of 322 and 483?
161
What is the highest common factor of 156 and 36?
12
Calculate the greatest common divisor of 1441 and 2096.
131
What is the greatest common factor of 1620 and 450?
90
Calculate the highest common divisor of 1034 and 22.
22
Calculate the greatest common divisor of 2340 and 200.
20
Calculate the greatest common factor of 15972 and 396.
132
Calculate the highest common factor of 18 and 24.
6
What is the highest common divisor of 216 and 8?
8
What is the greatest common divisor of 58 and 986?
58
Calculate the greatest common factor of 336 and 1071.
21
What is the greatest common factor of 2414 and 568?
142
Calculate the greatest common divisor of 26 and 39286.
26
What is the highest common divisor of 14 and 434?
14
Calculate the highest common factor of 357 and 51.
51
What is the greatest common factor of 315 and 126?
63
What is the highest common divisor of 37 and 37?
37
Calculate the greatest common factor of 17653 and 381.
127
Calculate the greatest common divisor of 57 and 13737.
57
Calculate the highest common factor of 15 and 1125.
15
Calculate the highest common factor of 276 and 621.
69
Calculate the highest common divisor of 472 and 1352.
8
What is the highest common factor of 8 and 368?
8
What is the highest common divisor of 45 and 81?
9
Calculate the highest common factor of 35 and 2065.
35
Calculate the highest common divisor of 54 and 459.
27
What is the highest common factor of 606 and 1414?
202
Calculate the greatest common factor of 150 and 270.
30
Calculate the highest common factor of 806 and 26.
26
What is the greatest common factor of 100204 and 26?
26
What is the greatest common divisor of 48 and 324?
12
What is the greatest common divisor of 4017 and 103?
103
Calculate the highest common factor of 261 and 117.
9
Calculate the highest common divisor of 138 and 46.
46
What is the greatest common factor of 670 and 70?
10
Calculate the highest common divisor of 14 and 41.
1
Calculate the greatest common divisor of 348 and 240.
12
What is the highest common divisor of 6 and 96?
6
What is the highest common divisor of 1298 and 22?
22
What is the highest common divisor of 14 and 106022?
14
Calculate the highest common factor of 153 and 36.
9
Calculate the highest common factor of 184 and 69.
23
Calculate the greatest common factor of 544 and 340.
68
Calculate the greatest common divisor of 628 and 1727.
157
What is the greatest common divisor of 637 and 819?
91
What is the highest common divisor of 52 and 3809?
13
What is the highest common divisor of 760 and 2375?
95
Calculate the greatest common divisor of 191 and 1.
1
What is the greatest common factor of 148 and 185?
37
Calculate the highest common divisor of 5404 and 308.
28
Calculate the greatest common factor of 14 and 42.
14
Calculate the greatest common factor of 5 and 1015.
5
What is the highest common divisor of 770 and 203?
7
What is the greatest common divisor of 1278 and 18?
18
Calculate the greatest common divisor of 24 and 18.
6
Calculate the greatest common divisor of 5 and 245.
5
What is the greatest common factor of 6510 and 112?
14
What is the greatest common factor of 205 and 530?
5
What is the greatest common factor of 76 and 13756?
76
Calculate the highest common divisor of 520 and 65.
65
Calculate the greatest common divisor of 2 and 283.
1
Calculate the highest common factor of 884 and 136.
68
Calculate the greatest common divisor of 106 and 3074.
106
What is the greatest common factor of 2439 and 9?
9
Calculate the greatest common divisor of 33 and 132.
33
Calculate the greatest common divisor of 90 and 18.
18
What is the highest common divisor of 66 and 40678?
22
What is the greatest common divisor of 2849 and 4144?
259
What is the greatest common divisor of 50 and 30?
10
Calculate the greatest common divisor of 33 and 27753.
33
Calculate the highest common divisor of 2585 and 5875.
235
What is the greatest common factor of 158 and 8137?
79
Calculate the greatest common factor of 36 and 486.
18
Calculate the greatest common factor of 589 and 323.
19
Calculate the greatest common divisor of 8 and 32.
8
What is the highest common factor of 270 and 144?
18
Calculate the highest common divisor of 561 and 51.
51
What is the greatest common divisor of 45 and 185?
5
What is the greatest common divisor of 80 and 176?
16
Calculate the highest common divisor of 464 and 29.
29
What is the greatest common divisor of 42 and 6?
6
Calculate the highest common factor of 18 and 1746.
18
Calculate the greatest common factor of 886 and 14.
2
What is the greatest common divisor of 324 and 4?
4
What is the highest common factor of 72 and 261?
9
Calculate the greatest common factor of 14 and 1246.
14
Calculate the highest common divisor of 19 and 779.
19
Calculate the highest common divisor of 1239 and 84.
21
What is the highest common factor of 118 and 11446?
118
Calculate the highest common divisor of 137 and 11234.
137
Calculate the highest common factor of 396 and 32.
4
Calculate the highest common divisor of 1340 and 20.
20
What is the highest common factor of 1863 and 1587?
69
Calculate the greatest common factor of 39 and 143.
13
What is the greatest common factor of 2923 and 79?
79
Calculate the highest common divisor of 1012 and 460.
92
What is the greatest common divisor of 4830 and 46?
46
What is the highest common factor of 20 and 680?
20
What is the greatest common factor of 57 and 22173?
57
Calculate the greatest common factor of 55 and 880.
55
What is the highest common divisor of 81 and 270?
27
Calculate the greatest common divisor of 3000 and 48.
24
What is the highest common divisor of 388 and 1843?
97
What is the greatest common factor of 6 and 69?
3
What is the greatest common factor of 84 and 7266?
42
Calculate the highest common divisor of 318 and 6.
6
What is the highest common divisor of 3339 and 252?
63
Calculate the highest common divisor of 5140 and 140.
20
Calculate the highest common factor of 2 and 6.
2
Calculate the greatest common factor of 9 and 423.
9
Calculate the greatest common factor of 78 and 832.
26
What is the greatest common factor of 393 and 6?
3
What is the highest common divisor of 2 and 14?
2
What is the greatest common factor of 322 and 56?
14
Calculate the greatest common factor of 170 and 952.
34
Calculate the greatest common factor of 10 and 110.
10
What is the greatest common divisor of 7 and 15617?
7
Calculate the greatest common factor of 26 and 2.
2
What is the highest common divisor of 2226 and 28?
14
What is the greatest common divisor of 2301 and 39?
39
Calculate the highest common factor of 21 and 45.
3
Calculate the greatest common divisor of 180 and 396.
36
Calculate the highest common factor of 245 and 16415.
245
Calculate the greatest common divisor of 220 and 20.
20
Calculate the highest common factor of 913 and 11.
11
Calculate the greatest common divisor of 979 and 33.
11
Calculate the greatest common factor of 231 and 14245.
77
What is the highest common divisor of 15 and 35?
5
What is the highest common divisor of 14 and 43456?
14
What is the greatest common factor of 1324 and 4?
4
Calculate the greatest common factor of 6 and 729.
3
What is the greatest common factor of 656 and 82?
82
Calculate the highest common divisor of 270 and 630.
90
What is the highest common divisor of 12561 and 159?
159
Calculate the greatest common factor of 59 and 413.
59
What is the greatest common factor of 1625 and 1365?
65
What is the greatest common divisor of 4445 and 7?
7
What is the greatest common factor of 20 and 300?
20
What is the greatest common divisor of 204 and 72?
12
Calculate the greatest common factor of 130 and 65.
65
Calculate the greatest common factor of 2075 and 25.
25
Calculate the greatest common factor of 130 and 1534.
26
Calculate the greatest common factor of 481 and 156.
13
What is the highest common factor of 45 and 396?
9
What is the greatest common divisor of 90 and 45